{"id":38573,"date":"2023-02-02T16:03:41","date_gmt":"2023-02-02T16:03:41","guid":{"rendered":"https:\/\/theme-dev.cmsmasters.net\/aesthetica\/?page_id=38573"},"modified":"2025-12-23T13:27:38","modified_gmt":"2025-12-23T13:27:38","slug":"contacts","status":"publish","type":"page","link":"https:\/\/digital-local.fr\/?page_id=38573","title":{"rendered":"Contact"},"content":{"rendered":"\t\t<div data-elementor-type=\"wp-page\" data-elementor-id=\"38573\" class=\"elementor elementor-38573\">\n\t\t\t\t<div class=\"elementor-element elementor-element-a8b3e6e e-flex e-con-boxed cmsmasters-block-default e-con e-parent\" data-id=\"a8b3e6e\" data-element_type=\"container\" data-e-type=\"container\">\n\t\t\t\t\t<div class=\"e-con-inner\">\n\t\t<div class=\"elementor-element elementor-element-d84bb5f e-con-full e-flex cmsmasters-block-default e-con e-child\" data-id=\"d84bb5f\" data-element_type=\"container\" data-e-type=\"container\">\n\t\t\t\t<div class=\"elementor-element elementor-element-420e386 cmsmasters-block-default cmsmasters-sticky-default elementor-invisible elementor-widget elementor-widget-image\" data-id=\"420e386\" data-element_type=\"widget\" data-e-type=\"widget\" data-settings=\"{&quot;_animation&quot;:&quot;cmsmasters-pop-in&quot;}\" data-widget_type=\"image.default\">\n\t\t\t\t\t\t\t\t\t\t\t\t\t\t\t<img fetchpriority=\"high\" decoding=\"async\" width=\"1033\" height=\"1033\" src=\"https:\/\/digital-local.fr\/wp-content\/uploads\/2025\/12\/3.jpg\" class=\"attachment-full size-full wp-image-57942\" alt=\"Un consultant en marketing qui nous regarde en souriant\" srcset=\"https:\/\/digital-local.fr\/wp-content\/uploads\/2025\/12\/3.jpg 1033w, https:\/\/digital-local.fr\/wp-content\/uploads\/2025\/12\/3-300x300.jpg 300w, https:\/\/digital-local.fr\/wp-content\/uploads\/2025\/12\/3-100x100.jpg 100w, https:\/\/digital-local.fr\/wp-content\/uploads\/2025\/12\/3-600x600.jpg 600w, https:\/\/digital-local.fr\/wp-content\/uploads\/2025\/12\/3-1024x1024.jpg 1024w, https:\/\/digital-local.fr\/wp-content\/uploads\/2025\/12\/3-150x150.jpg 150w, https:\/\/digital-local.fr\/wp-content\/uploads\/2025\/12\/3-768x768.jpg 768w, https:\/\/digital-local.fr\/wp-content\/uploads\/2025\/12\/3-260x260.jpg 260w\" sizes=\"(max-width: 1033px) 100vw, 1033px\" \/>\t\t\t\t\t\t\t\t\t\t\t\t\t\t\t<\/div>\n\t\t\t\t<\/div>\n\t\t<div class=\"elementor-element elementor-element-90a13e1 e-con-full e-flex cmsmasters-block-default e-con e-child\" data-id=\"90a13e1\" data-element_type=\"container\" data-e-type=\"container\">\n\t\t\t\t<div class=\"elementor-element elementor-element-06e0e5a cmsmasters-block-default cmsmasters-sticky-default elementor-invisible elementor-widget elementor-widget-heading\" data-id=\"06e0e5a\" data-element_type=\"widget\" data-e-type=\"widget\" data-settings=\"{&quot;_animation&quot;:&quot;cmsmasters-fade-in-up&quot;}\" data-widget_type=\"heading.default\">\n\t\t\t\t\t<h3 class=\"elementor-heading-title elementor-size-default\">Analysons votre situation ensemble<\/h3>\t\t\t\t<\/div>\n\t\t\t\t<div class=\"elementor-element elementor-element-08825f3 cmsmasters-block-default cmsmasters-sticky-default elementor-invisible elementor-widget elementor-widget-text-editor\" data-id=\"08825f3\" data-element_type=\"widget\" data-e-type=\"widget\" data-settings=\"{&quot;_animation&quot;:&quot;cmsmasters-fade-in-up&quot;,&quot;_animation_delay&quot;:200}\" data-widget_type=\"text-editor.default\">\n\t\t\t\t\t\t\t\t\t<p class=\"font-claude-response-body break-words whitespace-normal leading-[1.7]\">Cet audit gratuit me permet de comprendre votre business et de d\u00e9terminer si je peux vraiment vous aider. Aucune obligation, juste une conversation honn\u00eate sur ce qui peut fonctionner pour vous.<\/p>\t\t\t\t\t\t\t\t<\/div>\n\t\t\t\t<div class=\"elementor-element elementor-element-67121ad cmsmasters-block-default cmsmasters-sticky-default elementor-invisible elementor-widget elementor-widget-cmsmasters-forminator\" data-id=\"67121ad\" data-element_type=\"widget\" data-e-type=\"widget\" data-settings=\"{&quot;form_list&quot;:&quot;30&quot;,&quot;_animation&quot;:&quot;cmsmasters-fade-in-up&quot;,&quot;_animation_delay&quot;:400}\" data-widget_type=\"cmsmasters-forminator.default\">\n\t\t\t\t\t<div class=\"elementor-widget-cmsmasters-contact-form__wrapper elementor-widget-cmsmasters-contact-form cmsmasters-default-color cmsmasters-default-font\" id=\"cmsmasters-widget-form-67121ad\">\r\n\t\t\t<div class=\"elementor-widget-cmsmasters-contact-form__inner\"><div class=\"forminator-ui forminator-custom-form forminator-custom-form-30 forminator-design--default  forminator_ajax\" data-forminator-render=\"0\" data-form=\"forminator-module-30\" data-uid=\"69da11f220e5e\"><br\/><\/div><form\n\t\t\t\tid=\"forminator-module-30\"\n\t\t\t\tclass=\"forminator-ui forminator-custom-form forminator-custom-form-30 forminator-design--default  forminator_ajax\"\n\t\t\t\tmethod=\"post\"\n\t\t\t\tdata-forminator-render=\"0\"\n\t\t\t\tdata-form-id=\"30\"\n\t\t\t\t data-color-option=\"default\" data-design=\"default\" data-grid=\"open\" style=\"display: none;\"\n\t\t\t\tdata-uid=\"69da11f220e5e\"\n\t\t\t><div role=\"alert\" aria-live=\"polite\" class=\"forminator-response-message forminator-error\" aria-hidden=\"true\"><\/div><div class=\"forminator-row\"><div id=\"name-1\" class=\"forminator-field-name forminator-col forminator-col-6 \"><div class=\"forminator-field\"><input type=\"text\" name=\"name-1\" value=\"\" placeholder=\"Nom\" id=\"forminator-field-name-1_69da11f220e5e\" class=\"forminator-input forminator-name--field\" aria-required=\"false\" autocomplete=\"name\" \/><\/div><\/div><div id=\"email-1\" class=\"forminator-field-email forminator-col forminator-col-6 \"><div class=\"forminator-row-inside forminator-row-with-confirmation-email\"><div class=\"forminator-col forminator-col-6\"><div class=\"forminator-field\"><input type=\"email\" name=\"email-1\" value=\"\" placeholder=\"E-Mail\" id=\"forminator-field-email-1_69da11f220e5e\" class=\"forminator-input forminator-email--field\" data-required=\"\" aria-required=\"false\" autocomplete=\"email\" \/><\/div><\/div><div class=\"forminator-col forminator-col-6\"><div class=\"forminator-field\"><label for=\"forminator-field-confirm_email-1_69da11f220e5e\" id=\"forminator-field-confirm_email-1_69da11f220e5e-label\" class=\"forminator-label\">Confirm Email Address<\/label><input type=\"email\" name=\"confirm_email-1\" value=\"\" placeholder=\"Re-type Email Address\" id=\"forminator-field-confirm_email-1_69da11f220e5e\" class=\"forminator-input forminator-name--field\" data-required=\"\" aria-required=\"false\" autocomplete=\"email\" \/><\/div><\/div><\/div><\/div><\/div><div class=\"forminator-row\"><div id=\"textarea-1\" class=\"forminator-field-textarea forminator-col forminator-col-12 \"><div class=\"forminator-field\"><textarea name=\"textarea-1\" placeholder=\"ici vous pouvez m&#039;en dire un peu plus sur vous et m&#039;expliquer votre projet pour les probl\u00e9matiques que vous rencontrez.\" id=\"forminator-field-textarea-1_69da11f220e5e\" class=\"forminator-textarea\" rows=\"6\" style=\"min-height:140px;\" ><\/textarea><\/div><\/div><\/div><div class=\"forminator-row\"><div id=\"phone-1\" class=\"forminator-field-phone forminator-col forminator-col-12 \"><div class=\"forminator-field\"><label for=\"forminator-field-phone-1_69da11f220e5e\" id=\"forminator-field-phone-1_69da11f220e5e-label\" class=\"forminator-label\">T\u00e9l\u00e9phone<\/label><input type=\"text\" name=\"phone-1\" value=\"\" placeholder=\"T\u00e9l\u00e9phone\" id=\"forminator-field-phone-1_69da11f220e5e\" class=\"forminator-input forminator-field--phone\" data-required=\"\" aria-required=\"false\" autocomplete=\"off\" \/><\/div><\/div><\/div><input type=\"hidden\" name=\"referer_url\" value=\"\" \/><div class=\"forminator-row forminator-row-last\"><div class=\"forminator-col\"><div class=\"forminator-field\"><button class=\"forminator-button forminator-button-submit\">Demander mon audit<\/button><\/div><\/div><\/div><input type=\"hidden\" id=\"forminator_nonce\" name=\"forminator_nonce\" value=\"0b94741c27\" \/><input type=\"hidden\" name=\"_wp_http_referer\" value=\"\/index.php?rest_route=%2Fwp%2Fv2%2Fpages%2F38573\" \/><input type=\"hidden\" name=\"form_id\" value=\"30\"><input type=\"hidden\" name=\"page_id\" value=\"38573\"><input type=\"hidden\" name=\"form_type\" value=\"default\"><input type=\"hidden\" name=\"current_url\" value=\"https:\/\/digital-local.fr\/?page_id=38573\"><input type=\"hidden\" name=\"render_id\" value=\"0\"><input type=\"hidden\" name=\"action\" value=\"forminator_submit_form_custom-forms\"><\/form><\/div>\r\n\t\t<\/div>\t\t\t\t<\/div>\n\t\t\t\t<\/div>\n\t\t\t\t\t<\/div>\n\t\t\t\t<\/div>\n\t\t\t\t<\/div>\n\t\t","protected":false},"excerpt":{"rendered":"<p>Analysons votre situation ensemble Cet audit gratuit me permet de comprendre votre business et de d\u00e9terminer si je peux vraiment vous aider. Aucune obligation, juste une conversation honn\u00eate sur ce qui peut fonctionner pour vous.<\/p>\n","protected":false},"author":1,"featured_media":0,"parent":0,"menu_order":0,"comment_status":"closed","ping_status":"closed","template":"","meta":{"_acf_changed":false,"footnotes":""},"class_list":["post-38573","page","type-page","status-publish","hentry"],"acf":[],"yoast_head":"<!-- This site is optimized with the Yoast SEO plugin v27.2 - https:\/\/yoast.com\/product\/yoast-seo-wordpress\/ -->\n<title>Demandez un Audit pour votre projet digital<\/title>\n<meta name=\"description\" content=\"Votre projet m\u00e9rite une analyse r\u00e9elle. Discutons de votre strat\u00e9gie digitale pour transformer votre business local d\u00e8s aujourd&#039;hui.\" \/>\n<meta name=\"robots\" content=\"index, follow, max-snippet:-1, max-image-preview:large, max-video-preview:-1\" \/>\n<link rel=\"canonical\" href=\"https:\/\/digital-local.fr\/?page_id=38573\" \/>\n<meta property=\"og:locale\" content=\"fr_FR\" \/>\n<meta property=\"og:type\" content=\"article\" \/>\n<meta property=\"og:title\" content=\"Demandez un Audit pour votre projet digital\" \/>\n<meta property=\"og:description\" content=\"Votre projet m\u00e9rite une analyse r\u00e9elle. Discutons de votre strat\u00e9gie digitale pour transformer votre business local d\u00e8s aujourd&#039;hui.\" \/>\n<meta property=\"og:url\" content=\"https:\/\/digital-local.fr\/?page_id=38573\" \/>\n<meta property=\"og:site_name\" content=\"digital-local.fr\" \/>\n<meta property=\"article:modified_time\" content=\"2025-12-23T13:27:38+00:00\" \/>\n<meta property=\"og:image\" content=\"https:\/\/digital-local.fr\/wp-content\/uploads\/2025\/12\/3.jpg\" \/>\n<meta name=\"twitter:card\" content=\"summary_large_image\" \/>\n<meta name=\"twitter:label1\" content=\"Dur\u00e9e de lecture estim\u00e9e\" \/>\n\t<meta name=\"twitter:data1\" content=\"1 minute\" \/>\n<script type=\"application\/ld+json\" class=\"yoast-schema-graph\">{\"@context\":\"https:\/\/schema.org\",\"@graph\":[{\"@type\":\"WebPage\",\"@id\":\"https:\/\/digital-local.fr\/?page_id=38573\",\"url\":\"https:\/\/digital-local.fr\/?page_id=38573\",\"name\":\"Demandez un Audit pour votre projet digital\",\"isPartOf\":{\"@id\":\"https:\/\/digital-local.fr\/#website\"},\"primaryImageOfPage\":{\"@id\":\"https:\/\/digital-local.fr\/?page_id=38573#primaryimage\"},\"image\":{\"@id\":\"https:\/\/digital-local.fr\/?page_id=38573#primaryimage\"},\"thumbnailUrl\":\"https:\/\/digital-local.fr\/wp-content\/uploads\/2025\/12\/3.jpg\",\"datePublished\":\"2023-02-02T16:03:41+00:00\",\"dateModified\":\"2025-12-23T13:27:38+00:00\",\"description\":\"Votre projet m\u00e9rite une analyse r\u00e9elle. Discutons de votre strat\u00e9gie digitale pour transformer votre business local d\u00e8s aujourd'hui.\",\"breadcrumb\":{\"@id\":\"https:\/\/digital-local.fr\/?page_id=38573#breadcrumb\"},\"inLanguage\":\"fr-FR\",\"potentialAction\":[{\"@type\":\"ReadAction\",\"target\":[\"https:\/\/digital-local.fr\/?page_id=38573\"]}]},{\"@type\":\"ImageObject\",\"inLanguage\":\"fr-FR\",\"@id\":\"https:\/\/digital-local.fr\/?page_id=38573#primaryimage\",\"url\":\"https:\/\/digital-local.fr\/wp-content\/uploads\/2025\/12\/3.jpg\",\"contentUrl\":\"https:\/\/digital-local.fr\/wp-content\/uploads\/2025\/12\/3.jpg\",\"width\":1033,\"height\":1033,\"caption\":\"Un consultant en marketing qui nous regarde en souriant\"},{\"@type\":\"BreadcrumbList\",\"@id\":\"https:\/\/digital-local.fr\/?page_id=38573#breadcrumb\",\"itemListElement\":[{\"@type\":\"ListItem\",\"position\":1,\"name\":\"Home\",\"item\":\"https:\/\/digital-local.fr\/\"},{\"@type\":\"ListItem\",\"position\":2,\"name\":\"Contact\"}]},{\"@type\":\"WebSite\",\"@id\":\"https:\/\/digital-local.fr\/#website\",\"url\":\"https:\/\/digital-local.fr\/\",\"name\":\"digital local\",\"description\":\"\",\"publisher\":{\"@id\":\"https:\/\/digital-local.fr\/#organization\"},\"potentialAction\":[{\"@type\":\"SearchAction\",\"target\":{\"@type\":\"EntryPoint\",\"urlTemplate\":\"https:\/\/digital-local.fr\/?s={search_term_string}\"},\"query-input\":{\"@type\":\"PropertyValueSpecification\",\"valueRequired\":true,\"valueName\":\"search_term_string\"}}],\"inLanguage\":\"fr-FR\"},{\"@type\":\"Organization\",\"@id\":\"https:\/\/digital-local.fr\/#organization\",\"name\":\"digital local\",\"url\":\"https:\/\/digital-local.fr\/\",\"logo\":{\"@type\":\"ImageObject\",\"inLanguage\":\"fr-FR\",\"@id\":\"https:\/\/digital-local.fr\/#\/schema\/logo\/image\/\",\"url\":\"https:\/\/digital-local.fr\/wp-content\/uploads\/2025\/12\/logo-DL-symbol.png\",\"contentUrl\":\"https:\/\/digital-local.fr\/wp-content\/uploads\/2025\/12\/logo-DL-symbol.png\",\"width\":1200,\"height\":1200,\"caption\":\"digital local\"},\"image\":{\"@id\":\"https:\/\/digital-local.fr\/#\/schema\/logo\/image\/\"}}]}<\/script>\n<!-- \/ Yoast SEO plugin. -->","yoast_head_json":{"title":"Demandez un Audit pour votre projet digital","description":"Votre projet m\u00e9rite une analyse r\u00e9elle. Discutons de votre strat\u00e9gie digitale pour transformer votre business local d\u00e8s aujourd'hui.","robots":{"index":"index","follow":"follow","max-snippet":"max-snippet:-1","max-image-preview":"max-image-preview:large","max-video-preview":"max-video-preview:-1"},"canonical":"https:\/\/digital-local.fr\/?page_id=38573","og_locale":"fr_FR","og_type":"article","og_title":"Demandez un Audit pour votre projet digital","og_description":"Votre projet m\u00e9rite une analyse r\u00e9elle. Discutons de votre strat\u00e9gie digitale pour transformer votre business local d\u00e8s aujourd'hui.","og_url":"https:\/\/digital-local.fr\/?page_id=38573","og_site_name":"digital-local.fr","article_modified_time":"2025-12-23T13:27:38+00:00","og_image":[{"url":"https:\/\/digital-local.fr\/wp-content\/uploads\/2025\/12\/3.jpg","type":"","width":"","height":""}],"twitter_card":"summary_large_image","twitter_misc":{"Dur\u00e9e de lecture estim\u00e9e":"1 minute"},"schema":{"@context":"https:\/\/schema.org","@graph":[{"@type":"WebPage","@id":"https:\/\/digital-local.fr\/?page_id=38573","url":"https:\/\/digital-local.fr\/?page_id=38573","name":"Demandez un Audit pour votre projet digital","isPartOf":{"@id":"https:\/\/digital-local.fr\/#website"},"primaryImageOfPage":{"@id":"https:\/\/digital-local.fr\/?page_id=38573#primaryimage"},"image":{"@id":"https:\/\/digital-local.fr\/?page_id=38573#primaryimage"},"thumbnailUrl":"https:\/\/digital-local.fr\/wp-content\/uploads\/2025\/12\/3.jpg","datePublished":"2023-02-02T16:03:41+00:00","dateModified":"2025-12-23T13:27:38+00:00","description":"Votre projet m\u00e9rite une analyse r\u00e9elle. Discutons de votre strat\u00e9gie digitale pour transformer votre business local d\u00e8s aujourd'hui.","breadcrumb":{"@id":"https:\/\/digital-local.fr\/?page_id=38573#breadcrumb"},"inLanguage":"fr-FR","potentialAction":[{"@type":"ReadAction","target":["https:\/\/digital-local.fr\/?page_id=38573"]}]},{"@type":"ImageObject","inLanguage":"fr-FR","@id":"https:\/\/digital-local.fr\/?page_id=38573#primaryimage","url":"https:\/\/digital-local.fr\/wp-content\/uploads\/2025\/12\/3.jpg","contentUrl":"https:\/\/digital-local.fr\/wp-content\/uploads\/2025\/12\/3.jpg","width":1033,"height":1033,"caption":"Un consultant en marketing qui nous regarde en souriant"},{"@type":"BreadcrumbList","@id":"https:\/\/digital-local.fr\/?page_id=38573#breadcrumb","itemListElement":[{"@type":"ListItem","position":1,"name":"Home","item":"https:\/\/digital-local.fr\/"},{"@type":"ListItem","position":2,"name":"Contact"}]},{"@type":"WebSite","@id":"https:\/\/digital-local.fr\/#website","url":"https:\/\/digital-local.fr\/","name":"digital local","description":"","publisher":{"@id":"https:\/\/digital-local.fr\/#organization"},"potentialAction":[{"@type":"SearchAction","target":{"@type":"EntryPoint","urlTemplate":"https:\/\/digital-local.fr\/?s={search_term_string}"},"query-input":{"@type":"PropertyValueSpecification","valueRequired":true,"valueName":"search_term_string"}}],"inLanguage":"fr-FR"},{"@type":"Organization","@id":"https:\/\/digital-local.fr\/#organization","name":"digital local","url":"https:\/\/digital-local.fr\/","logo":{"@type":"ImageObject","inLanguage":"fr-FR","@id":"https:\/\/digital-local.fr\/#\/schema\/logo\/image\/","url":"https:\/\/digital-local.fr\/wp-content\/uploads\/2025\/12\/logo-DL-symbol.png","contentUrl":"https:\/\/digital-local.fr\/wp-content\/uploads\/2025\/12\/logo-DL-symbol.png","width":1200,"height":1200,"caption":"digital local"},"image":{"@id":"https:\/\/digital-local.fr\/#\/schema\/logo\/image\/"}}]}},"_hostinger_reach_plugin_has_subscription_block":false,"_hostinger_reach_plugin_is_elementor":false,"_links":{"self":[{"href":"https:\/\/digital-local.fr\/index.php?rest_route=\/wp\/v2\/pages\/38573","targetHints":{"allow":["GET"]}}],"collection":[{"href":"https:\/\/digital-local.fr\/index.php?rest_route=\/wp\/v2\/pages"}],"about":[{"href":"https:\/\/digital-local.fr\/index.php?rest_route=\/wp\/v2\/types\/page"}],"author":[{"embeddable":true,"href":"https:\/\/digital-local.fr\/index.php?rest_route=\/wp\/v2\/users\/1"}],"replies":[{"embeddable":true,"href":"https:\/\/digital-local.fr\/index.php?rest_route=%2Fwp%2Fv2%2Fcomments&post=38573"}],"version-history":[{"count":11,"href":"https:\/\/digital-local.fr\/index.php?rest_route=\/wp\/v2\/pages\/38573\/revisions"}],"predecessor-version":[{"id":58306,"href":"https:\/\/digital-local.fr\/index.php?rest_route=\/wp\/v2\/pages\/38573\/revisions\/58306"}],"wp:attachment":[{"href":"https:\/\/digital-local.fr\/index.php?rest_route=%2Fwp%2Fv2%2Fmedia&parent=38573"}],"curies":[{"name":"wp","href":"https:\/\/api.w.org\/{rel}","templated":true}]}}